{"id":88737,"date":"2025-05-23T14:38:08","date_gmt":"2025-05-23T17:38:08","guid":{"rendered":"https:\/\/cnr.org.br\/novoportal\/?page_id=88737"},"modified":"2025-05-23T14:38:08","modified_gmt":"2025-05-23T17:38:08","slug":"diretoria","status":"publish","type":"page","link":"https:\/\/cnr.org.br\/novoportal\/diretoria\/","title":{"rendered":"Diretoria"},"content":{"rendered":"<div id=\"dslc-theme-content\"><div id=\"dslc-theme-content-inner\"><div id=\"dslc-main\">\n<div  class=\"dslc-modules-section  dslc-valign-  dslc-halign- \" style=\"padding-bottom:15px;padding-top:15px;background-color:#eef3f9;background-repeat:no-repeat;background-position:center center;background-size:cover;\" data-section-id=\"3cf52946db3\">\n<div class=\"dslc-modules-section-wrapper dslc-clearfix\">\n<style type=\"text\/css\" id=\"dslca-modules-area-\"><\/style>\n<div  class=\"dslc-modules-area dslc-col dslc-12-col dslc-last-col dslc-valign- \" data-size=\"12\" data-valign=\"\" data-modules-area-id=\"\" >\n<div id=\"dslc-module-ce5e43edc02\" class=\"dslc-module-front dslc-module-DSLC_Separator dslc-in-viewport-check dslc-in-viewport-anim-none  dslc-col dslc-12-col dslc-last-col  dslc-module-handle-like-regular \" data-module-id=\"ce5e43edc02\" data-module=\"DSLC_Separator\" data-dslc-module-size=\"12\" data-dslc-anim=\"none\" data-dslc-anim-delay=\"0\" data-dslc-anim-duration=\"650\"  data-dslc-anim-easing=\"ease\" data-dslc-preset=\"none\" >\n<div class=\"dslc-separator-wrapper\">\n<div class=\"dslc-separator dslc-separator-style-invisible\">\n\t\t\t\t\t\t\t\t\t<\/div>\n<div><\/div>\n<\/p><\/div>\n<p><!-- .dslc-separator-wrapper --><\/p><\/div>\n<p><!-- .dslc-module --><\/p>\n<div id=\"dslc-module-f4acd3026eb\" class=\"dslc-module-front dslc-module-DSLC_Text_Simple dslc-in-viewport-check dslc-in-viewport-anim-none  dslc-col dslc-12-col dslc-last-col  dslc-module-handle-like-regular \" data-module-id=\"f4acd3026eb\" data-module=\"DSLC_Text_Simple\" data-dslc-module-size=\"12\" data-dslc-anim=\"none\" data-dslc-anim-delay=\"0\" data-dslc-anim-duration=\"650\"  data-dslc-anim-easing=\"ease\" data-dslc-preset=\"none\" >\n<div class=\"dslc-text-module-content\">\n<p><span style=\"color: #000000;\">DIRETORIA<\/span> - A CNR<\/p>\n<\/p><\/div>\n<\/p><\/div>\n<p><!-- .dslc-module -->\n\t\t<\/div>\n<\/div>\n<\/div>\n<div  class=\"dslc-modules-section  dslc-valign-  dslc-halign- \" style=\"padding-bottom:25px;padding-top:25px;\" data-section-id=\"0a69723c2a3\">\n<div class=\"dslc-modules-section-wrapper dslc-clearfix\">\n<style type=\"text\/css\" id=\"dslca-modules-area-\"><\/style>\n<div  class=\"dslc-modules-area dslc-col dslc-12-col dslc-last-col dslc-valign- \" data-size=\"12\" data-valign=\"\" data-modules-area-id=\"\" >\n<div id=\"dslc-module-1270c795dbf\" class=\"dslc-module-front dslc-module-DSLC_Text_Simple dslc-in-viewport-check dslc-in-viewport-anim-none  dslc-col dslc-12-col dslc-last-col  dslc-module-handle-like-regular \" data-module-id=\"1270c795dbf\" data-module=\"DSLC_Text_Simple\" data-dslc-module-size=\"12\" data-dslc-anim=\"none\" data-dslc-anim-delay=\"0\" data-dslc-anim-duration=\"650\"  data-dslc-anim-easing=\"ease\" data-dslc-preset=\"none\" >\n<div class=\"dslc-text-module-content\">\n<table id=\"customers\" width=\"100%\">\n<tbody>\n<tr>\n<th>Presidente<\/th>\n<td>Rog\u00e9rio Portugal Bacellar<\/td>\n<\/tr>\n<tr>\n<th>Vices Presidentes Executivos<\/th>\n<td>Germano Carvalho Toscano de Brito \/ PB<br \/>Jos\u00e9 Marcelo de Castro Lima Filho \/ AM<br \/>Renaldo\u00a0Andrade\u00a0Bussi\u00e8re \/ RJ<\/td>\n<\/tr>\n<tr>\n<th>Vices Presidentes<\/th>\n<td>David Gomes David \/ AM<br \/>Edison Ferreira Espindola \/ RS<br \/>Gl\u00f3ria Alice Ferreira Bertoli \/ MT<br \/>Hamilton\u00a0Lima\u00a0Barros \/ RJ<br \/>Helena Jac\u00e9a Crispino Leite Borges \/ CE<br \/>Igor Fran\u00e7a Guedes \/ GO<br \/>Jordan Fabricio Martins \/ SC<br \/>Juan Pablo Correa Gossweiler \/ MS<br \/>Ricardo de Vasconcelos Martins \/ AC<\/td>\n<\/tr>\n<tr>\n<th>Secret\u00e1rio Geral<\/th>\n<td>Emival Moreira Ara\u00fajo \/ DF<\/td>\n<\/tr>\n<tr>\n<th>Secret\u00e1rio Adjunto<\/th>\n<td>Jo\u00e3o Norberto Fran\u00e7a Gomes \/PR<\/td>\n<\/tr>\n<tr>\n<th>Tesoureiro<\/th>\n<td>Mc Arthur Di Andrade Camargo \/ DF<\/td>\n<\/tr>\n<tr>\n<th>Tesoureiro Adjunto<\/th>\n<td>Jos\u00e9 Augusto Alves Pinto \/ PR<\/td>\n<\/tr>\n<tr>\n<th>Conselho Fiscal<\/th>\n<td>Luiz Gustavo Le\u00e3o Ribeiro \/ DF<br \/>Oscar Paes de Almeida Filho \/ SP<br \/>Ricardo Augusto Le\u00e3o \/ PR<\/td>\n<\/tr>\n<tr>\n<th>Conselho Fiscal Suplente<\/th>\n<td>Francisco Ara\u00fajo Fernandes \/ RN<br \/>Carlos Fernando Reis \/ RS<br \/>Robert Jonczyk \/ PR<\/td>\n<\/tr>\n<tr>\n<th>Diretores<\/th>\n<td>Acre (AC) Val\u00e9ria Cristina Aquino dos Anjos<br \/>Alagoas (AL) Manoel Iran Vilar Malta<br \/>Amap\u00e1 (AP) Nino Jesus Aranha Nunes<br \/>Amazonas (AM) Cloves Barbosa de Siqueira<br \/>Bahia (BA) Marli Pinto Trindade<br \/>Cear\u00e1 (CE) D\u00eanis Anderson da Rocha Bezerra<br \/>Distrito Federal (DF) Allan Nunes Guerra<br \/>Esp\u00edrito Santo (ES) Rodrigo Reis Cyrino<br \/>Goi\u00e1s (GO) Rodrigo Esperan\u00e7a Borba<br \/>Maranh\u00e3o (MA) Devanir Garcia<br \/>Mato Grosso (MT) Maria Aparecida Bianchin Pacheco<br \/>Mato Grosso do Sul (MS) Jos\u00e9 Paulo Baltazar Junior<br \/>Minas Gerais (MG) Francisco Jos\u00e9 Resende dos Santos<br \/>Par\u00e1 (PA) Nelcy Maranh\u00e3o Campos<br \/>Para\u00edba (PB) Carlos Ulysses De Carvalho Neto<br \/>Paran\u00e1 (PR) Mariana Carva lho Pozenato Martins<br \/>Pernambuco (PE) Eva Ten\u00f3rio de Brito Papaleo<br \/>Piau\u00ed (PI) Daniel Ant\u00f4nio de Aquino Neto<br \/>Rio de Janeiro (RJ) Carlos Alberto Firmo Oliveira<br \/>Rio Grande do Norte (RN) Airene Jos\u00e9 Amaral de Paiva<br \/>Rio Grande do Sul (RS) Vania Maria de Bernardes<br \/>Rond\u00f4nia (RO) Patr\u00edcia de F\u00e1tima Assis Barros<br \/>Roraima (RR) In\u00eas Maria Viana Maraschin<br \/>Santa Catarina (SC) Ot\u00e1vio Guilherme Margarida<br \/>S\u00e3o Paulo (SP) Reinaldo Velloso dos Santos<br \/>Sergipe (SE) Estelita Nunes de Oliveira<br \/>Tocantins (TO) Valdiram Cassimiro da Rocha Silva<\/td>\n<\/tr>\n<tr>\n<th>Diretoria - Especialidades<\/th>\n<td>Diretor de Notas: H\u00e9rcules Alexandre da Costa Ben\u00edcio - DF<br \/>Diretor de Protestos de T\u00edtulos: Ionara Pacheco de Lacerda Gaioso - DF<br \/>Diretor de Registro de Im\u00f3veis: Patr\u00edcia Andr\u00e9 de Camargo Ferraz - SP<br \/>Diretor de RTD e Reg. Civil de Pessoas Jur\u00eddicas: Vanuza de C\u00e1ssia Arruda<br \/>Diretor de Reg. Civil de Pes. Nat., de Interdi\u00e7\u00f5es e Tutelas: Frederico Henrique Viegas de Lima - DF<br \/>Diretor de Distribui\u00e7\u00e3o: Jos\u00e9 Borges da Cruz Filho<\/td>\n<\/tr>\n<tr>\n<th>Diretores institucionais<\/th>\n<td>Adla Maria Nacli \/ PR<br \/>Calixto Wenzel \/ RS<br \/>Carlos Roberto Sales de Menezes \/ SE<br \/>Fernanda Leit\u00e3o \/ RJ<br \/>Haroldo Correa Cavalcanti Neto (Matinhos\/PR)<br \/>Jos\u00e9 de Arimat\u00e9ia \/ MT<br \/>Nat\u00e1lia Mansur \/ GO<br \/>S\u00e9rgio Afonso Manica \/ RS<\/td>\n<\/tr>\n<\/tbody>\n<\/table><\/div>\n<\/p><\/div>\n<p><!-- .dslc-module -->\n\t\t<\/div>\n<\/div>\n<\/div>\n<\/div>\n<\/div><\/div>","protected":false},"excerpt":{"rendered":"<p>DIRETORIA - A CNR Presidente Rog\u00e9rio Portugal Bacellar Vices Presidentes Executivos Germano Carvalho Toscano de Brito \/ PBJos\u00e9 Marcelo de Castro Lima Filho \/ AMRenaldo\u00a0Andrade\u00a0Bussi\u00e8re \/ RJ Vices Presidentes David Gomes David \/ AMEdison Ferreira Espindola \/ RSGl\u00f3ria Alice Ferreira Bertoli \/ MTHamilton\u00a0Lima\u00a0Barros \/ RJHelena Jac\u00e9a Crispino Leite Borges \/ CEIgor Fran\u00e7a Guedes \/ GOJordan [&hellip;]<\/p>\n","protected":false},"author":8,"featured_media":0,"parent":0,"menu_order":0,"comment_status":"closed","ping_status":"closed","template":"","meta":{"footnotes":"","_links_to":"","_links_to_target":""},"class_list":["post-88737","page","type-page","status-publish","hentry"],"yoast_head":"<!-- This site is optimized with the Yoast SEO plugin v27.4 - https:\/\/yoast.com\/product\/yoast-seo-wordpress\/ -->\n<title>Diretoria - CNR<\/title>\n<meta name=\"robots\" content=\"index, follow, max-snippet:-1, max-image-preview:large, max-video-preview:-1\" \/>\n<link rel=\"canonical\" href=\"https:\/\/cnr.org.br\/novoportal\/diretoria\/\" \/>\n<meta property=\"og:locale\" content=\"pt_BR\" \/>\n<meta property=\"og:type\" content=\"article\" \/>\n<meta property=\"og:title\" content=\"Diretoria - CNR\" \/>\n<meta property=\"og:description\" content=\"DIRETORIA - A CNR Presidente Rog\u00e9rio Portugal Bacellar Vices Presidentes Executivos Germano Carvalho Toscano de Brito \/ PBJos\u00e9 Marcelo de Castro Lima Filho \/ AMRenaldo\u00a0Andrade\u00a0Bussi\u00e8re \/ RJ Vices Presidentes David Gomes David \/ AMEdison Ferreira Espindola \/ RSGl\u00f3ria Alice Ferreira Bertoli \/ MTHamilton\u00a0Lima\u00a0Barros \/ RJHelena Jac\u00e9a Crispino Leite Borges \/ CEIgor Fran\u00e7a Guedes \/ GOJordan [&hellip;]\" \/>\n<meta property=\"og:url\" content=\"https:\/\/cnr.org.br\/novoportal\/diretoria\/\" \/>\n<meta property=\"og:site_name\" content=\"CNR\" \/>\n<meta name=\"twitter:card\" content=\"summary_large_image\" \/>\n<script type=\"application\/ld+json\" class=\"yoast-schema-graph\">{\"@context\":\"https:\\\/\\\/schema.org\",\"@graph\":[{\"@type\":\"WebPage\",\"@id\":\"https:\\\/\\\/cnr.org.br\\\/novoportal\\\/diretoria\\\/\",\"url\":\"https:\\\/\\\/cnr.org.br\\\/novoportal\\\/diretoria\\\/\",\"name\":\"Diretoria - CNR\",\"isPartOf\":{\"@id\":\"https:\\\/\\\/cnr.org.br\\\/novoportal\\\/#website\"},\"datePublished\":\"2025-05-23T17:38:08+00:00\",\"breadcrumb\":{\"@id\":\"https:\\\/\\\/cnr.org.br\\\/novoportal\\\/diretoria\\\/#breadcrumb\"},\"inLanguage\":\"pt-BR\",\"potentialAction\":[{\"@type\":\"ReadAction\",\"target\":[\"https:\\\/\\\/cnr.org.br\\\/novoportal\\\/diretoria\\\/\"]}]},{\"@type\":\"BreadcrumbList\",\"@id\":\"https:\\\/\\\/cnr.org.br\\\/novoportal\\\/diretoria\\\/#breadcrumb\",\"itemListElement\":[{\"@type\":\"ListItem\",\"position\":1,\"name\":\"In\u00edcio\",\"item\":\"https:\\\/\\\/cnr.org.br\\\/novoportal\\\/\"},{\"@type\":\"ListItem\",\"position\":2,\"name\":\"Diretoria\"}]},{\"@type\":\"WebSite\",\"@id\":\"https:\\\/\\\/cnr.org.br\\\/novoportal\\\/#website\",\"url\":\"https:\\\/\\\/cnr.org.br\\\/novoportal\\\/\",\"name\":\"CNR\",\"description\":\"Confedera\u00e7\u00e3o Nacional de Not\u00e1rios e Registradores\",\"potentialAction\":[{\"@type\":\"SearchAction\",\"target\":{\"@type\":\"EntryPoint\",\"urlTemplate\":\"https:\\\/\\\/cnr.org.br\\\/novoportal\\\/?s={search_term_string}\"},\"query-input\":{\"@type\":\"PropertyValueSpecification\",\"valueRequired\":true,\"valueName\":\"search_term_string\"}}],\"inLanguage\":\"pt-BR\"}]}<\/script>\n<!-- \/ Yoast SEO plugin. -->","yoast_head_json":{"title":"Diretoria - CNR","robots":{"index":"index","follow":"follow","max-snippet":"max-snippet:-1","max-image-preview":"max-image-preview:large","max-video-preview":"max-video-preview:-1"},"canonical":"https:\/\/cnr.org.br\/novoportal\/diretoria\/","og_locale":"pt_BR","og_type":"article","og_title":"Diretoria - CNR","og_description":"DIRETORIA - A CNR Presidente Rog\u00e9rio Portugal Bacellar Vices Presidentes Executivos Germano Carvalho Toscano de Brito \/ PBJos\u00e9 Marcelo de Castro Lima Filho \/ AMRenaldo\u00a0Andrade\u00a0Bussi\u00e8re \/ RJ Vices Presidentes David Gomes David \/ AMEdison Ferreira Espindola \/ RSGl\u00f3ria Alice Ferreira Bertoli \/ MTHamilton\u00a0Lima\u00a0Barros \/ RJHelena Jac\u00e9a Crispino Leite Borges \/ CEIgor Fran\u00e7a Guedes \/ GOJordan [&hellip;]","og_url":"https:\/\/cnr.org.br\/novoportal\/diretoria\/","og_site_name":"CNR","twitter_card":"summary_large_image","schema":{"@context":"https:\/\/schema.org","@graph":[{"@type":"WebPage","@id":"https:\/\/cnr.org.br\/novoportal\/diretoria\/","url":"https:\/\/cnr.org.br\/novoportal\/diretoria\/","name":"Diretoria - CNR","isPartOf":{"@id":"https:\/\/cnr.org.br\/novoportal\/#website"},"datePublished":"2025-05-23T17:38:08+00:00","breadcrumb":{"@id":"https:\/\/cnr.org.br\/novoportal\/diretoria\/#breadcrumb"},"inLanguage":"pt-BR","potentialAction":[{"@type":"ReadAction","target":["https:\/\/cnr.org.br\/novoportal\/diretoria\/"]}]},{"@type":"BreadcrumbList","@id":"https:\/\/cnr.org.br\/novoportal\/diretoria\/#breadcrumb","itemListElement":[{"@type":"ListItem","position":1,"name":"In\u00edcio","item":"https:\/\/cnr.org.br\/novoportal\/"},{"@type":"ListItem","position":2,"name":"Diretoria"}]},{"@type":"WebSite","@id":"https:\/\/cnr.org.br\/novoportal\/#website","url":"https:\/\/cnr.org.br\/novoportal\/","name":"CNR","description":"Confedera\u00e7\u00e3o Nacional de Not\u00e1rios e Registradores","potentialAction":[{"@type":"SearchAction","target":{"@type":"EntryPoint","urlTemplate":"https:\/\/cnr.org.br\/novoportal\/?s={search_term_string}"},"query-input":{"@type":"PropertyValueSpecification","valueRequired":true,"valueName":"search_term_string"}}],"inLanguage":"pt-BR"}]}},"_links":{"self":[{"href":"https:\/\/cnr.org.br\/novoportal\/wp-json\/wp\/v2\/pages\/88737","targetHints":{"allow":["GET"]}}],"collection":[{"href":"https:\/\/cnr.org.br\/novoportal\/wp-json\/wp\/v2\/pages"}],"about":[{"href":"https:\/\/cnr.org.br\/novoportal\/wp-json\/wp\/v2\/types\/page"}],"author":[{"embeddable":true,"href":"https:\/\/cnr.org.br\/novoportal\/wp-json\/wp\/v2\/users\/8"}],"replies":[{"embeddable":true,"href":"https:\/\/cnr.org.br\/novoportal\/wp-json\/wp\/v2\/comments?post=88737"}],"version-history":[{"count":0,"href":"https:\/\/cnr.org.br\/novoportal\/wp-json\/wp\/v2\/pages\/88737\/revisions"}],"wp:attachment":[{"href":"https:\/\/cnr.org.br\/novoportal\/wp-json\/wp\/v2\/media?parent=88737"}],"curies":[{"name":"wp","href":"https:\/\/api.w.org\/{rel}","templated":true}]}}