{"version":"1.0","provider_name":"CNR","provider_url":"https:\/\/cnr.org.br\/site","author_name":"Imprensa CNR","author_url":"https:\/\/cnr.org.br\/site\/author\/imprensa\/","title":"Entrevista - Marcelo Lima Filho, Presidente da FINNOTAR - CNR","type":"rich","width":600,"height":338,"html":"<blockquote class=\"wp-embedded-content\" data-secret=\"BSc9ru7Hd7\"><a href=\"https:\/\/cnr.org.br\/site\/entrevista-marcelo-lima-filho-presidente-da-finnotar\/\">Entrevista - Marcelo Lima Filho, Presidente da FINNOTAR<\/a><\/blockquote><iframe sandbox=\"allow-scripts\" security=\"restricted\" src=\"https:\/\/cnr.org.br\/site\/entrevista-marcelo-lima-filho-presidente-da-finnotar\/embed\/#?secret=BSc9ru7Hd7\" width=\"600\" height=\"338\" title=\"&#8220;Entrevista - Marcelo Lima Filho, Presidente da FINNOTAR&#8221; &#8212; CNR\" data-secret=\"BSc9ru7Hd7\" frameborder=\"0\" marginwidth=\"0\" marginheight=\"0\" scrolling=\"no\" class=\"wp-embedded-content\"><\/iframe><script>\n\/*! This file is auto-generated *\/\n!function(d,l){\"use strict\";l.querySelector&&d.addEventListener&&\"undefined\"!=typeof URL&&(d.wp=d.wp||{},d.wp.receiveEmbedMessage||(d.wp.receiveEmbedMessage=function(e){var t=e.data;if((t||t.secret||t.message||t.value)&&!\/[^a-zA-Z0-9]\/.test(t.secret)){for(var s,r,n,a=l.querySelectorAll('iframe[data-secret=\"'+t.secret+'\"]'),o=l.querySelectorAll('blockquote[data-secret=\"'+t.secret+'\"]'),c=new RegExp(\"^https?:$\",\"i\"),i=0;i<o.length;i++)o[i].style.display=\"none\";for(i=0;i<a.length;i++)s=a[i],e.source===s.contentWindow&&(s.removeAttribute(\"style\"),\"height\"===t.message?(1e3<(r=parseInt(t.value,10))?r=1e3:~~r<200&&(r=200),s.height=r):\"link\"===t.message&&(r=new URL(s.getAttribute(\"src\")),n=new URL(t.value),c.test(n.protocol))&&n.host===r.host&&l.activeElement===s&&(d.top.location.href=t.value))}},d.addEventListener(\"message\",d.wp.receiveEmbedMessage,!1),l.addEventListener(\"DOMContentLoaded\",function(){for(var e,t,s=l.querySelectorAll(\"iframe.wp-embedded-content\"),r=0;r<s.length;r++)(t=(e=s[r]).getAttribute(\"data-secret\"))||(t=Math.random().toString(36).substring(2,12),e.src+=\"#?secret=\"+t,e.setAttribute(\"data-secret\",t)),e.contentWindow.postMessage({message:\"ready\",secret:t},\"*\")},!1)))}(window,document);\n\/\/# sourceURL=https:\/\/cnr.org.br\/site\/wp-includes\/js\/wp-embed.min.js\n<\/script>\n","thumbnail_url":"https:\/\/cnr.org.br\/novoportal\/wp-content\/uploads\/2019\/03\/Entrevista-Jose-Marcelo-1.jpg","thumbnail_width":1118,"thumbnail_height":794,"description":"Em entrevista para a CNR, o oficial de cart\u00f3rio destacou a import\u00e2ncia dos not\u00e1rios e registradores para a comunidade, \u00a0 \u201cSabemos da nossa import\u00e2ncia para economia, para a comunidade e sobretudo para o bem-estar do cidad\u00e3o, mas precisamos melhorar a percep\u00e7\u00e3o de valor que a sociedade tem da nossa fun\u00e7\u00e3o\u201d, sugeriu o presidente da Federa\u00e7\u00e3o [&hellip;]"}

Em entrevista para a CNR, o oficial de cartório destacou a importância dos notários e registradores para a comunidade,   “Sabemos da nossa importância para economia, para a comunidade e sobretudo para o bem-estar do cidadão, mas precisamos melhorar a percepção de valor que a sociedade tem da nossa função”, sugeriu o presidente da Federação [&hellip;]
