{"id":9313,"date":"2018-12-13T16:48:44","date_gmt":"2018-12-13T18:48:44","guid":{"rendered":"https:\/\/cnr.org.br\/site\/wp-content\/uploads\/2018\/12\/11.jpg"},"modified":"2018-12-13T16:48:47","modified_gmt":"2018-12-13T18:48:47","slug":"11","status":"inherit","type":"attachment","link":"https:\/\/cnr.org.br\/site\/11\/","title":{"rendered":"11"},"author":2,"featured_media":0,"comment_status":"open","ping_status":"closed","template":"","meta":{"_exactmetrics_skip_tracking":false,"_exactmetrics_sitenote_active":false,"_exactmetrics_sitenote_note":"","_exactmetrics_sitenote_category":0},"class_list":["post-9313","attachment","type-attachment","status-inherit","hentry"],"description":{"rendered":"<p class=\"attachment\"><a href='https:\/\/cnr.org.br\/site\/wp-content\/uploads\/2018\/12\/11.jpg'><img loading=\"lazy\" decoding=\"async\" width=\"300\" height=\"200\" src=\"https:\/\/cnr.org.br\/site\/wp-content\/uploads\/2018\/12\/11-300x200.jpg\" class=\"attachment-medium size-medium\" alt=\"\" srcset=\"https:\/\/cnr.org.br\/site\/wp-content\/uploads\/2018\/12\/11-300x200.jpg 300w, https:\/\/cnr.org.br\/site\/wp-content\/uploads\/2018\/12\/11-768x512.jpg 768w, https:\/\/cnr.org.br\/site\/wp-content\/uploads\/2018\/12\/11-90x60.jpg 90w, https:\/\/cnr.org.br\/site\/wp-content\/uploads\/2018\/12\/11.jpg 800w, https:\/\/cnr.org.br\/site\/wp-content\/uploads\/2018\/12\/11-563x375.jpg 563w\" sizes=\"(max-width: 300px) 100vw, 300px\" \/><\/a><\/p>\n"},"caption":{"rendered":"<p>Subcomiss\u00e3o Tempor\u00e1ria do Estatuto do Trabalho (CDHET) realiza audi\u00eancia p\u00fablica interativa destinada a receber contribui\u00e7\u00f5es das entidades que comp\u00f5em o grupo de trabalho da Subcomiss\u00e3o.<\/p>\n<p>Mesa:<br \/>\ndiretor Financeiro Adjunto da P\u00fablica Central do Servidor, M\u00e1rcio Costa;<br \/>\nadvogado Trabalhista, Danilo Ricardo Moura;<br \/>\npresidente da Associa\u00e7\u00e3o dos Prestadores de Servi\u00e7os do Senado Federal (Apresefe), Waldemiro Livingston de Souza;<br \/>\nvice-presidente da CDHET, senador Paulo Paim (PT-RS);<br \/>\nrepresentante do Sindicatos dos Banc\u00e1rios e Financi\u00e1rios de S\u00e3o Paulo, Osasco e Regi\u00e3o, Alexandre Caso;<br \/>\nrepresentante da Confedera\u00e7\u00e3o Nacional dos Trabalhadores nas Empresas de Cr\u00e9dito (Contec) e da Uni\u00e3o Geral dos Trabalhadores-Distrito Federal (UGT-DF), Isau Joaquim Chacon.<\/p>\n<p>Foto: Roque de S\u00e1\/Ag\u00eancia Senado<\/p>\n"},"alt_text":"","media_type":"image","mime_type":"image\/jpeg","media_details":{"width":800,"height":533,"file":"2018\/12\/11.jpg","sizes":{"thumbnail":{"file":"11-150x150.jpg","width":150,"height":150,"mime_type":"image\/jpeg","source_url":"https:\/\/cnr.org.br\/site\/wp-content\/uploads\/2018\/12\/11-150x150.jpg"},"medium":{"file":"11-300x200.jpg","width":300,"height":200,"mime_type":"image\/jpeg","source_url":"https:\/\/cnr.org.br\/site\/wp-content\/uploads\/2018\/12\/11-300x200.jpg"},"medium_large":{"file":"11-768x512.jpg","width":768,"height":512,"mime_type":"image\/jpeg","source_url":"https:\/\/cnr.org.br\/site\/wp-content\/uploads\/2018\/12\/11-768x512.jpg"},"post-thumbnail":{"file":"11-90x60.jpg","width":90,"height":60,"mime_type":"image\/jpeg","source_url":"https:\/\/cnr.org.br\/site\/wp-content\/uploads\/2018\/12\/11-90x60.jpg"},"bigger-thumbnail":{"file":"11-110x80.jpg","width":110,"height":80,"mime_type":"image\/jpeg","source_url":"https:\/\/cnr.org.br\/site\/wp-content\/uploads\/2018\/12\/11-110x80.jpg"},"main-full":{"file":"11-800x530.jpg","width":800,"height":530,"mime_type":"image\/jpeg","source_url":"https:\/\/cnr.org.br\/site\/wp-content\/uploads\/2018\/12\/11-800x530.jpg"},"main-post":{"file":"11-750x350.jpg","width":750,"height":350,"mime_type":"image\/jpeg","source_url":"https:\/\/cnr.org.br\/site\/wp-content\/uploads\/2018\/12\/11-750x350.jpg"},"main-block":{"file":"11-360x200.jpg","width":360,"height":200,"mime_type":"image\/jpeg","source_url":"https:\/\/cnr.org.br\/site\/wp-content\/uploads\/2018\/12\/11-360x200.jpg"},"slider-1":{"file":"11-360x165.jpg","width":360,"height":165,"mime_type":"image\/jpeg","source_url":"https:\/\/cnr.org.br\/site\/wp-content\/uploads\/2018\/12\/11-360x165.jpg"},"slider-2":{"file":"11-360x195.jpg","width":360,"height":195,"mime_type":"image\/jpeg","source_url":"https:\/\/cnr.org.br\/site\/wp-content\/uploads\/2018\/12\/11-360x195.jpg"},"slider-3":{"file":"11-165x135.jpg","width":165,"height":135,"mime_type":"image\/jpeg","source_url":"https:\/\/cnr.org.br\/site\/wp-content\/uploads\/2018\/12\/11-165x135.jpg"},"slider-4":{"file":"11-263x350.jpg","width":263,"height":350,"mime_type":"image\/jpeg","source_url":"https:\/\/cnr.org.br\/site\/wp-content\/uploads\/2018\/12\/11-263x350.jpg"},"slider-5":{"file":"11-555x350.jpg","width":555,"height":350,"mime_type":"image\/jpeg","source_url":"https:\/\/cnr.org.br\/site\/wp-content\/uploads\/2018\/12\/11-555x350.jpg"},"slider-6":{"file":"11-800x350.jpg","width":800,"height":350,"mime_type":"image\/jpeg","source_url":"https:\/\/cnr.org.br\/site\/wp-content\/uploads\/2018\/12\/11-800x350.jpg"},"bgs-375":{"file":"11-563x375.jpg","width":563,"height":375,"mime_type":"image\/jpeg","source_url":"https:\/\/cnr.org.br\/site\/wp-content\/uploads\/2018\/12\/11-563x375.jpg"},"full":{"file":"11.jpg","width":800,"height":533,"mime_type":"image\/jpeg","source_url":"https:\/\/cnr.org.br\/site\/wp-content\/uploads\/2018\/12\/11.jpg"}},"image_meta":{"aperture":"2.8","credit":"Roque de S\u00e1\/Ag\u00eancia Senado","camera":"DMC-FZ1000","caption":"Subcomiss\u00e3o Tempor\u00e1ria do Estatuto do Trabalho (CDHET) realiza audi\u00eancia p\u00fablica interativa destinada a receber contribui\u00e7\u00f5es das entidades que comp\u00f5em o grupo de trabalho da Subcomiss\u00e3o.\r\rMesa:\rdiretor Financeiro Adjunto da P\u00fablica Central do Servidor, M\u00e1rcio Costa;\radvogado Trabalhista, Danilo Ricardo Moura;\rpresidente da Associa\u00e7\u00e3o dos Prestadores de Servi\u00e7os do Senado Federal (Apresefe), Waldemiro Livingston de Souza;\rvice-presidente da CDHET, senador Paulo Paim (PT-RS);\rrepresentante do Sindicatos dos Banc\u00e1rios e Financi\u00e1rios de S\u00e3o Paulo, Osasco e Regi\u00e3o, Alexandre Caso;\rrepresentante da Confedera\u00e7\u00e3o Nacional dos Trabalhadores nas Empresas de Cr\u00e9dito (Contec) e da Uni\u00e3o Geral dos Trabalhadores-Distrito Federal (UGT-DF), Isau Joaquim Chacon.\r\rFoto: Roque de S\u00e1\/Ag\u00eancia Senado","created_timestamp":"0","copyright":"Senado Federal do Brasil","focal_length":"9.12","iso":"640","shutter_speed":"0.01","title":"","orientation":"0","keywords":[]}},"post":null,"source_url":"https:\/\/cnr.org.br\/site\/wp-content\/uploads\/2018\/12\/11.jpg","_links":{"self":[{"href":"https:\/\/cnr.org.br\/site\/wp-json\/wp\/v2\/media\/9313"}],"collection":[{"href":"https:\/\/cnr.org.br\/site\/wp-json\/wp\/v2\/media"}],"about":[{"href":"https:\/\/cnr.org.br\/site\/wp-json\/wp\/v2\/types\/attachment"}],"author":[{"embeddable":true,"href":"https:\/\/cnr.org.br\/site\/wp-json\/wp\/v2\/users\/2"}]}}

<p>Subcomissão Temporária do Estatuto do Trabalho (CDHET) realiza audiência pública interativa destinada a receber contribuições das entidades que compõem o grupo de trabalho da Subcomissão.</p>
<p>Mesa:<br />
diretor Financeiro Adjunto da Pública Central do Servidor, Márcio Costa;<br />
advogado Trabalhista, Danilo Ricardo Moura;<br />
presidente da Associação dos Prestadores de Serviços do Senado Federal (Apresefe), Waldemiro Livingston de Souza;<br />
vice-presidente da CDHET, senador Paulo Paim (PT-RS);<br />
representante do Sindicatos dos Bancários e Financiários de São Paulo, Osasco e Região, Alexandre Caso;<br />
representante da Confederação Nacional dos Trabalhadores nas Empresas de Crédito (Contec) e da União Geral dos Trabalhadores-Distrito Federal (UGT-DF), Isau Joaquim Chacon.</p>
<p>Foto: Roque de Sá/Agência Senado</p>

Roque de Sá/Agência Senado

Subcomissão Temporária do Estatuto do Trabalho (CDHET) realiza audiência pública interativa destinada a receber contribuições das entidades que compõem o grupo de trabalho da Subcomissão.Mesa:diretor Financeiro Adjunto da Pública Central do Servidor, Márcio Costa;advogado Trabalhista, Danilo Ricardo Moura;presidente da Associação dos Prestadores de Serviços do Senado Federal (Apresefe), Waldemiro Livingston de Souza;vice-presidente da CDHET, senador Paulo Paim (PT-RS);representante do Sindicatos dos Bancários e Financiários de São Paulo, Osasco e Região, Alexandre Caso;representante da Confederação Nacional dos Trabalhadores nas Empresas de Crédito (Contec) e da União Geral dos Trabalhadores-Distrito Federal (UGT-DF), Isau Joaquim Chacon.Foto: Roque de Sá/Agência Senado
