{"id":1763,"date":"2017-09-04T13:45:54","date_gmt":"2017-09-04T13:45:54","guid":{"rendered":"https:\/\/cnr.org.br\/site\/?page_id=1763"},"modified":"2017-09-04T13:46:55","modified_gmt":"2017-09-04T13:46:55","slug":"fomtec-informatica","status":"publish","type":"page","link":"https:\/\/cnr.org.br\/site\/fomtec-informatica\/","title":{"rendered":"Fomtec Inform\u00e1tica"},"content":{"rendered":"<div class=\"container-fluid\">\n<div class=\"row\">\n<div class=\"col-md-7\">\n<p style=\"text-align: justify\"> A Fomtec Inform\u00e1tica est\u00e1 no mercado de tecnologia no Distrito Federal h\u00e1 12 anos, atendendo a diferentes setores. Sempre em constante inova\u00e7\u00e3o para proporcionar as melhores solu\u00e7\u00f5es tecnol\u00f3gicas a voc\u00ea e ao seu neg\u00f3cio.<br \/>\n            Diferencial da Fomtec:<\/p>\n<ul>\n<li><strong>Prioridade de atendimento;<\/strong><\/li>\n<li><strong>Redu\u00e7\u00e3o de custos;<\/strong><\/li>\n<li><strong>A empresa pode contar sempre com um t\u00e9cnico que conhece cada detalhe da sua rede;<\/strong><\/li>\n<li><strong>Acesso remoto;<\/strong><\/li>\n<li><strong>Plant\u00e3o para resolver emerg\u00eancias<\/strong><\/li>\n<\/ul>\n<h3>SERVI\u00c7OS<\/h3>\n<p><strong>Manuten\u00e7\u00e3o<\/strong><br \/>\n                Servidores \/ Computadores \/ Vendas de perif\u00e9ricos.\n            <\/p>\n<p>\n                <strong>Seguran\u00e7a<\/strong><br \/>\n                Detec\u00e7\u00e3o de V\u00edrus, Remo\u00e7\u00e3o e Prote\u00e7\u00e3o \/ Defini\u00e7\u00e3o e Verifica\u00e7\u00e3o de Pol\u00edtica de Backups \/ Gest\u00e3o, Verifica\u00e7\u00e3o\n            <\/p>\n<p>\n                <strong>Suporte T\u00e9cnico<\/strong><\/p>\n<p>                Instala\u00e7\u00e3o, Configura\u00e7\u00e3o e Manuten\u00e7\u00e3o de Hardware e Software \/ Instala\u00e7\u00e3o, Manuten\u00e7\u00e3o e Suporte em Sistemas Operacionais \/ Monitoramento de Servidores e Computadores\n            <\/p>\n<p>\n                <strong>Rede<\/strong><br \/>\n                Instala\u00e7\u00e3o e Configura\u00e7\u00e3o de Servidores (Windows)<br \/>\n                Manuten\u00e7\u00e3o e atualiza\u00e7\u00e3o de softwares, sistema de Backup, Sistemas Web e gerenciamento de contas de e-mails e configura\u00e7\u00e3o e Manuten\u00e7\u00e3o de Redes\n            <\/p>\n<h3>CLIENTES:<\/h3>\n<p>CNPL \u2013 Confedera\u00e7\u00e3o Nacional das Profiss\u00f5es Liberais<br \/>\n                CNTEEC \u2013 Confedera\u00e7\u00e3o Nacional dos Trabalhadores em Estabelecimentos de Educa\u00e7\u00e3o e Cultura<br \/>\n                CNR \u2013 Confedera\u00e7\u00e3o Nacional dos Not\u00e1rios e Registradores<br \/>\n                MERCANTE SEGUROS<br \/>\n                ZILMARA ALENCAR Consultoria Jur\u00eddica<br \/>\n                MW Contabilidade<br \/>\n                ANAPAR \u2013 Associa\u00e7\u00e3o Nacional dos Participantes de Fundos de Pens\u00e3o<br \/>\n                CRMVDF \u2013 Conselho Regional de Medicina Veterin\u00e1ria do DF<br \/>\n                ABAR \u2013 Associa\u00e7\u00e3o Brasileira de Ag\u00eancias de Regula\u00e7\u00e3o<br \/>\n                ROME EVENTOS \u2013 Empresa de Promo\u00e7\u00e3o de Eventos\n            <\/p>\n<\/p><\/div>\n<div class=\"col-md-5\">\n<h3>Valores e Descontos<\/h3>\n<hr \/>\n<p>Desconto de 20% para Associados da CNR.<\/p>\n<\/p><\/div><\/div>\n<\/div>\n","protected":false},"excerpt":{"rendered":"<p>A Fomtec Inform\u00e1tica est\u00e1 no mercado de tecnologia no Distrito Federal h\u00e1 12 anos, atendendo a diferentes setores. Sempre em constante inova\u00e7\u00e3o para proporcionar as melhores solu\u00e7\u00f5es tecnol\u00f3gicas a voc\u00ea e ao seu neg\u00f3cio. Diferencial da Fomtec: Prioridade de atendimento; Redu\u00e7\u00e3o de custos; A empresa pode contar sempre com um t\u00e9cnico que conhece cada detalhe&#8230;<\/p>\n","protected":false},"author":1,"featured_media":0,"parent":0,"menu_order":0,"comment_status":"closed","ping_status":"closed","template":"","meta":{"_exactmetrics_skip_tracking":false,"_exactmetrics_sitenote_active":false,"_exactmetrics_sitenote_note":"","_exactmetrics_sitenote_category":0,"footnotes":""},"class_list":["post-1763","page","type-page","status-publish","hentry"],"_links":{"self":[{"href":"https:\/\/cnr.org.br\/site\/wp-json\/wp\/v2\/pages\/1763"}],"collection":[{"href":"https:\/\/cnr.org.br\/site\/wp-json\/wp\/v2\/pages"}],"about":[{"href":"https:\/\/cnr.org.br\/site\/wp-json\/wp\/v2\/types\/page"}],"author":[{"embeddable":true,"href":"https:\/\/cnr.org.br\/site\/wp-json\/wp\/v2\/users\/1"}],"replies":[{"embeddable":true,"href":"https:\/\/cnr.org.br\/site\/wp-json\/wp\/v2\/comments?post=1763"}],"version-history":[{"count":2,"href":"https:\/\/cnr.org.br\/site\/wp-json\/wp\/v2\/pages\/1763\/revisions"}],"predecessor-version":[{"id":1766,"href":"https:\/\/cnr.org.br\/site\/wp-json\/wp\/v2\/pages\/1763\/revisions\/1766"}],"wp:attachment":[{"href":"https:\/\/cnr.org.br\/site\/wp-json\/wp\/v2\/media?parent=1763"}],"curies":[{"name":"wp","href":"https:\/\/api.w.org\/{rel}","templated":true}]}}