{"id":2130,"date":"2017-10-24T15:25:58","date_gmt":"2017-10-24T15:25:58","guid":{"rendered":"https:\/\/cnr.org.br\/site\/?page_id=2130"},"modified":"2017-10-24T16:03:19","modified_gmt":"2017-10-24T16:03:19","slug":"latam","status":"publish","type":"page","link":"https:\/\/cnr.org.br\/site\/latam\/","title":{"rendered":"Latam"},"content":{"rendered":"<div class=\"container-fluid\">\n<div class=\"row\">\n<div class=\"col-md-7\">\n<h3><strong>Conv\u00eanio CNR\/LATAM<\/strong><\/h3>\n<p>&nbsp;<\/p>\n<h3><strong>SOBRE O BENEF\u00cdCIO<\/strong><\/h3>\n<p>\u00c9 v\u00e1lido para os not\u00e1rios e registradores associados a CNR e a colaboradores da CNR.<\/p>\n<ul>\n<li class=\"text-justify\">a) Desconto n\u00e3o se aplica para ingressos de parques tem\u00e1ticos, shows e eventos, passeios, traslados, cruzeiros, circuitos europeus e bilhetes de trem.<\/li>\n<li>b) Condi\u00e7\u00e3o n\u00e3o acumulativa com outras promo\u00e7\u00f5es;<\/li>\n<li>c) Desconto n\u00e3o ser\u00e1 aplicado \u00e0s taxas de embarque e demais taxas;<\/li>\n<\/ul>\n<p><strong>As solicita\u00e7\u00f5es e compras dever\u00e3o ser realizadas pelos canais:<\/strong><\/p>\n<ul>\n<li class=\"text-justify\"><strong>Central de Vendas e Relacionamento<\/strong> atrav\u00e9s da Brit\u00e2nica Viagens e Turismo, Contato direto: <strong>Moema Rodrigues,<\/strong> Pabx: 55 61 3032-7662, Fax: 55 61 3045-5574, <strong>Celular: 55 61 9 8353-9346<\/strong>. Para garantir o desconto o associado dever\u00e1 apresentar sua identifica\u00e7\u00e3o da CNR.<\/li>\n<\/ul>\n<p><spam class=\"text-justify\">Para usufruir do desconto \u00e9 mandat\u00f3rio a apresenta\u00e7\u00e3o da carteira de identifica\u00e7\u00e3o de associado a CNR ou o envio de uma c\u00f3pia caso o atendimento n\u00e3o seja presencial. Deve informar sobre o benef\u00edcio antes de finalizar a compra. Ap\u00f3s o pagamento finalizado n\u00e3o h\u00e1 como aplicar o desconto.<\/spam><\/p>\n<h3><strong>SOBRE O DESCONTO DAS PASSAGENS A\u00c9REAS<\/strong><\/h3>\n<p><strong>Viagens dom\u00e9sticas<\/strong><\/p>\n<p class=\"text-justify\">Para rotas dentro do Brasil, que compreende voos de Brasil \u2013 Brasil, para \u00fanico trecho ou passagens de ida e volta.<\/p>\n<p><strong>Viagens internacionais<\/strong><\/p>\n<p class=\"text-justify\">Viagens internacionais<br \/>\nPara rotas internacionais, que compreendem voos com origem no Brasil e destino para a Am\u00e9rica do Sul, Europa, Estados Unidos ou outro destino operado pela companhia a\u00e9rea, para \u00fanico trecho ou passagens de ida e volta.\n<\/p>\n<p><strong>Importante:<\/strong><\/p>\n<p class=\"text-justify\">Os descontos n\u00e3o se aplicam nas classes\/tarifas promocionais;<br \/>\nO c\u00e1lculo \u00e9 autom\u00e1tico e aplicado atrav\u00e9s de C\u00f3digo Promocional;<br \/>\nVerifique a pol\u00edtica de bagagens e taxas para voos operados pela LATAM Airlines Group e voos operados pela LATAM Airlines Brasil.<br \/>\nNote: O pre\u00e7o apresentado por trecho j\u00e1 est\u00e1 com o desconto e \u00e9 para um adulto e n\u00e3o inclui impostos e taxas.<\/p>\n<p><strong>REEMBOLSO:<\/strong><\/p>\n<p><strong>Dos pacotes e passagens a\u00e9reas:<\/strong><\/p>\n<p>Consultar a TAM Viagens na qual a compra foi realizada para solicitar o processo de reembolso.<\/p>\n<ul>\n<li>a) O reembolso poder\u00e1 ser feito pelo site da LATAM, em caso de indisponibilidade, solicitar por e-mail reembolso.nucleo@latam.com . informe os seguintes dados a) n\u00famero do bilhete; b) nome do passageiro.<\/li>\n<li>b) em caso de cancelamento do bilhete no mesmo dia da compra, enviar e-mail para receita.vendida@latam.com, informando o n\u00famero do bilhete e o nome do passageiro. o mesmo ocorrer\u00e1 de forma integral, ou seja, toda a reserva \u00e9 cancelada.<\/li>\n<\/ul>\n<p>Na op\u00e7\u00e3o do reembolso, \u00e9 detalhado o processe de Como Fazer o Reembolso.<\/p>\n<p class=\"text-justify\"><strong>Observa\u00e7\u00e3o:<\/strong> O estorno integral ocorrer\u00e1 somente quando o pedido for solicitado no mesmo dia da compra. Encerrado o dia corrente ser\u00e1 aplicada a regra de reembolso, de acordo com as respectivas regras tarif\u00e1rias da companhia a\u00e9rea.<\/p>\n<\/div>\n<div class=\"col-md-5\">\n<h3>Valores e Descontos<\/h3>\n<hr \/>\n<p><strong class=\"text-justify\">Para pacotes LATAM Travel, a nova marca TAM Viagens, aplica-se 20% de desconto <\/strong>(vinte por cento) na compra de passagem a\u00e9rea + hotel; Ou <strong>10% de desconto <\/strong>(dez por cento) hotel; Ou at\u00e9 62% na loca\u00e7\u00e3o de carro (Localiza).<\/p>\n<\/div>\n<\/div>\n<\/div>\n","protected":false},"excerpt":{"rendered":"<p>Conv\u00eanio CNR\/LATAM &nbsp; SOBRE O BENEF\u00cdCIO \u00c9 v\u00e1lido para os not\u00e1rios e registradores associados a CNR e a colaboradores da CNR. a) Desconto n\u00e3o se aplica para ingressos de parques tem\u00e1ticos, shows e eventos, passeios, traslados, cruzeiros, circuitos europeus e bilhetes de trem. b) Condi\u00e7\u00e3o n\u00e3o acumulativa com outras promo\u00e7\u00f5es; c) Desconto n\u00e3o ser\u00e1 aplicado&#8230;<\/p>\n","protected":false},"author":1,"featured_media":0,"parent":0,"menu_order":0,"comment_status":"closed","ping_status":"closed","template":"","meta":{"_exactmetrics_skip_tracking":false,"_exactmetrics_sitenote_active":false,"_exactmetrics_sitenote_note":"","_exactmetrics_sitenote_category":0,"footnotes":""},"class_list":["post-2130","page","type-page","status-publish","hentry"],"_links":{"self":[{"href":"https:\/\/cnr.org.br\/site\/wp-json\/wp\/v2\/pages\/2130"}],"collection":[{"href":"https:\/\/cnr.org.br\/site\/wp-json\/wp\/v2\/pages"}],"about":[{"href":"https:\/\/cnr.org.br\/site\/wp-json\/wp\/v2\/types\/page"}],"author":[{"embeddable":true,"href":"https:\/\/cnr.org.br\/site\/wp-json\/wp\/v2\/users\/1"}],"replies":[{"embeddable":true,"href":"https:\/\/cnr.org.br\/site\/wp-json\/wp\/v2\/comments?post=2130"}],"version-history":[{"count":8,"href":"https:\/\/cnr.org.br\/site\/wp-json\/wp\/v2\/pages\/2130\/revisions"}],"predecessor-version":[{"id":2141,"href":"https:\/\/cnr.org.br\/site\/wp-json\/wp\/v2\/pages\/2130\/revisions\/2141"}],"wp:attachment":[{"href":"https:\/\/cnr.org.br\/site\/wp-json\/wp\/v2\/media?parent=2130"}],"curies":[{"name":"wp","href":"https:\/\/api.w.org\/{rel}","templated":true}]}}