{"id":2143,"date":"2017-10-24T16:49:05","date_gmt":"2017-10-24T16:49:05","guid":{"rendered":"https:\/\/cnr.org.br\/site\/?page_id=2143"},"modified":"2017-10-24T16:55:07","modified_gmt":"2017-10-24T16:55:07","slug":"localiza","status":"publish","type":"page","link":"https:\/\/cnr.org.br\/site\/localiza\/","title":{"rendered":"Localiza"},"content":{"rendered":"<div class=\"container-fluid\">\n<div class=\"row\">\n<div class=\"col-md-7\">\n<h3><strong>Localiza<\/strong><\/h3>\n<p><span class=\"text-justify\"><br \/>\nUma empresa especializada em aluguel de carros no Brasil e na Am\u00e9rica Latina. Desde 1973 cuidamos do caminho de mais de 4,2 milh\u00f5es de pessoas, com o ve\u00edculo ideal para cada tipo de roteiro. Apesar de os carros serem feitos em s\u00e9rie, suas viagens n\u00e3o s\u00e3o.<\/p>\n<p>Estamos ao seu lado com 534 ag\u00eancias nas principais cidades e aeroportos do Brasil, Argentina, Bol\u00edvia, Chile, Col\u00f4mbia, Equador, Paraguai, Peru e Uruguai. Com uma frota de 116.363 carros dispon\u00edveis, voc\u00ea escolhe o tipo de ve\u00edculo que melhor se encaixa \u00e0 sua necessidade.<\/p>\n<p>Temos orgulho em dizer que a Localiza oferece hoje a melhor experi\u00eancia em mobilidade da Am\u00e9rica do Sul. <\/p>\n<p><\/span><\/p>\n<p><strong>Para loca\u00e7\u00f5es de aluguel de carros Localiza<\/strong><\/p>\n<p><span class=\"text-justify\"><br \/>\n\tO desconto do conv\u00eanio CNR\/Localiza \u00e9 oferecido atrav\u00e9s da Brit\u00e2nica Viagens e Turismo, Contato direto: <strong>Moema Rodrigues<\/strong>, Pabx: 55 61 3032-7662, Fax: 55 61 3045-5574, <strong>Cel: 55 61 9 8353-9346<\/strong>. Para garantir o desconto o associado dever\u00e1 apresentar sua identifica\u00e7\u00e3o da CNR.<\/p>\n<p>A reserva somente ser\u00e1 garantida ap\u00f3s confirma\u00e7\u00e3o da disponibilidade do ve\u00edculo pela Ag\u00eancia representante.<\/p>\n<p><\/span><\/p>\n<p><strong>Termos e Condi\u00e7\u00f5es da Reserva<\/strong><\/p>\n<p><span class=\"text-justify\"><\/p>\n<p>O carro \u00e9 entregue com tanque cheio. Para sua comodidade, o reabastecimento poder\u00e1 ser feito pela Localiza e cobrado com base em tabela pr\u00f3pria.<\/p>\n<p>O ve\u00edculo \u00e9 entregue limpo e assim dever\u00e1 ser devolvido. Caso seja devolvido com sujeira excessiva, fora dos padr\u00f5es normais e razo\u00e1veis, ser\u00e1 cobrada taxa de lavagem conforme tabela pr\u00f3pria.<\/p>\n<p>Desconto e promo\u00e7\u00f5es n\u00e3o s\u00e3o cumulativos.<\/p>\n<p>A di\u00e1ria do carro \u00e9 de 24 horas, com at\u00e9 1 hora de toler\u00e2ncia para devolu\u00e7\u00e3o. A partir da 25\u00aa hora, incidir\u00e1 cobran\u00e7a de hora extra (1\/5 do valor da di\u00e1ria para cada hora extra), sendo cobrada, inclusive, a hora de toler\u00e2ncia.<\/p>\n<p>As cl\u00e1usulas e condi\u00e7\u00f5es do contrato de aluguel de carros est\u00e3o \u00e0 sua disposi\u00e7\u00e3o nas ag\u00eancias Localiza.<\/p>\n<p><\/span><\/p>\n<\/div>\n<div class=\"col-md-5\">\n<h3>Valores e Descontos<\/h3>\n<hr \/>\n<p><span class=\"text-justify\">Condi\u00e7\u00f5es exclusivas para os associados e colaboradores da CNR. <strong> Desconto de 62%<\/strong> para as cidades cobertas pela Localiza e sobre as tarifas vigentes no per\u00edodo da reserva.<\/span><\/p>\n<\/div>\n<\/div>\n<\/div>\n","protected":false},"excerpt":{"rendered":"<p>Localiza Uma empresa especializada em aluguel de carros no Brasil e na Am\u00e9rica Latina. Desde 1973 cuidamos do caminho de mais de 4,2 milh\u00f5es de pessoas, com o ve\u00edculo ideal para cada tipo de roteiro. Apesar de os carros serem feitos em s\u00e9rie, suas viagens n\u00e3o s\u00e3o. Estamos ao seu lado com 534 ag\u00eancias nas&#8230;<\/p>\n","protected":false},"author":1,"featured_media":0,"parent":0,"menu_order":0,"comment_status":"closed","ping_status":"closed","template":"","meta":{"_exactmetrics_skip_tracking":false,"_exactmetrics_sitenote_active":false,"_exactmetrics_sitenote_note":"","_exactmetrics_sitenote_category":0,"footnotes":""},"class_list":["post-2143","page","type-page","status-publish","hentry"],"_links":{"self":[{"href":"https:\/\/cnr.org.br\/site\/wp-json\/wp\/v2\/pages\/2143"}],"collection":[{"href":"https:\/\/cnr.org.br\/site\/wp-json\/wp\/v2\/pages"}],"about":[{"href":"https:\/\/cnr.org.br\/site\/wp-json\/wp\/v2\/types\/page"}],"author":[{"embeddable":true,"href":"https:\/\/cnr.org.br\/site\/wp-json\/wp\/v2\/users\/1"}],"replies":[{"embeddable":true,"href":"https:\/\/cnr.org.br\/site\/wp-json\/wp\/v2\/comments?post=2143"}],"version-history":[{"count":5,"href":"https:\/\/cnr.org.br\/site\/wp-json\/wp\/v2\/pages\/2143\/revisions"}],"predecessor-version":[{"id":2149,"href":"https:\/\/cnr.org.br\/site\/wp-json\/wp\/v2\/pages\/2143\/revisions\/2149"}],"wp:attachment":[{"href":"https:\/\/cnr.org.br\/site\/wp-json\/wp\/v2\/media?parent=2143"}],"curies":[{"name":"wp","href":"https:\/\/api.w.org\/{rel}","templated":true}]}}