{"id":2276,"date":"2017-11-10T17:28:16","date_gmt":"2017-11-10T17:28:16","guid":{"rendered":"https:\/\/cnr.org.br\/site\/?page_id=2276"},"modified":"2017-11-10T17:30:25","modified_gmt":"2017-11-10T17:30:25","slug":"netshoes-2","status":"publish","type":"page","link":"https:\/\/cnr.org.br\/site\/netshoes-2\/","title":{"rendered":"Netshoes"},"content":{"rendered":"<p>&nbsp;<\/p>\n<div class=\"container-fluid\">\n<div class=\"row\">\n<div class=\"col-md-7\">\n<p class=\"text-justify\">Com atua\u00e7\u00e3o no Brasil, Argentina e M\u00e9xico, sua miss\u00e3o \u00e9 inspirar e transformar a vida das pessoas com mais esporte e lazer.<\/p>\n<p class=\"text-justify\">Uma loja especializada, reconhecida pelo mercado e com portf\u00f3lio de mais de 38 mil itens, a Netshoes oferece a maior variedade de artigos esportivos na internet, levando mais esporte, sa\u00fade e bem-estar aos seus clientes.<\/p>\n<p><strong>100% digital, dispon\u00edvel 24 horas por dia, 7 dias por semana. Netshoes. Venha viver o esporte.<\/strong><\/p>\n<ul>\n<li>Utilize o c\u00f3digo DESCONTO15<\/li>\n<li>Digite o c\u00f3digo no campo &#8220;vale-presente ou cupom&#8221; na p\u00e1gina de pagamento. O desconto ser\u00e1 aplicado no valor total do pedido.<\/li>\n<li>ARGO DRIVE 1.0 FLEX 2017\/2018 4P \u2013 Desconto de 8%<\/li>\n<li>A promo\u00e7\u00e3o n\u00e3o \u00e9 v\u00e1lida para combos, kits, categorias bikes, equipamentos fitness, produtos com selo mega chance, selo pr\u00e9 venda e outros cupons de desconto da loja.<\/li>\n<li>Desconto v\u00e1lido apenas para produtos vendidos e entregues por Netshoes.<\/li>\n<li>Essa a\u00e7\u00e3o n\u00e3o \u00e9 acumulativa com outras promo\u00e7\u00f5es do site.<\/li>\n<li>Ap\u00f3s acessar essa p\u00e1gina, caso o usu\u00e1rio clique em algum banner de cupom ou alguma publicidade da Netshoes exemplo: e-mail marketing, an\u00fancios no Google, Facebook, buscadores entre outros; \u00e9 necess\u00e1rio que acesse novamente o link dessa promo\u00e7\u00e3o para reativar o cupom.<\/li>\n<\/ul>\n<\/div>\n<div class=\"col-md-5\">\n<h3>Valores e Descontos<\/h3>\n<p class=\"text-justify\">Acesse o site <a href=\"http:\/\/www.netshoesparcerias.com.br\/cnr\/\">www.netshoesparcerias.com.br\/cnr<\/a> e ganhe descontos no maior e-commerce de artigos esportivos.<\/p>\n<\/div>\n<\/div>\n<\/div>\n","protected":false},"excerpt":{"rendered":"<p>&nbsp; Com atua\u00e7\u00e3o no Brasil, Argentina e M\u00e9xico, sua miss\u00e3o \u00e9 inspirar e transformar a vida das pessoas com mais esporte e lazer. Uma loja especializada, reconhecida pelo mercado e com portf\u00f3lio de mais de 38 mil itens, a Netshoes oferece a maior variedade de artigos esportivos na internet, levando mais esporte, sa\u00fade e bem-estar&#8230;<\/p>\n","protected":false},"author":1,"featured_media":0,"parent":0,"menu_order":0,"comment_status":"closed","ping_status":"closed","template":"","meta":{"_exactmetrics_skip_tracking":false,"_exactmetrics_sitenote_active":false,"_exactmetrics_sitenote_note":"","_exactmetrics_sitenote_category":0,"footnotes":""},"class_list":["post-2276","page","type-page","status-publish","hentry"],"_links":{"self":[{"href":"https:\/\/cnr.org.br\/site\/wp-json\/wp\/v2\/pages\/2276"}],"collection":[{"href":"https:\/\/cnr.org.br\/site\/wp-json\/wp\/v2\/pages"}],"about":[{"href":"https:\/\/cnr.org.br\/site\/wp-json\/wp\/v2\/types\/page"}],"author":[{"embeddable":true,"href":"https:\/\/cnr.org.br\/site\/wp-json\/wp\/v2\/users\/1"}],"replies":[{"embeddable":true,"href":"https:\/\/cnr.org.br\/site\/wp-json\/wp\/v2\/comments?post=2276"}],"version-history":[{"count":2,"href":"https:\/\/cnr.org.br\/site\/wp-json\/wp\/v2\/pages\/2276\/revisions"}],"predecessor-version":[{"id":2279,"href":"https:\/\/cnr.org.br\/site\/wp-json\/wp\/v2\/pages\/2276\/revisions\/2279"}],"wp:attachment":[{"href":"https:\/\/cnr.org.br\/site\/wp-json\/wp\/v2\/media?parent=2276"}],"curies":[{"name":"wp","href":"https:\/\/api.w.org\/{rel}","templated":true}]}}