{"id":781,"date":"2016-11-14T06:01:45","date_gmt":"2016-11-14T06:01:45","guid":{"rendered":"http:\/\/192.99.62.26\/~luuwnjbx\/cnr\/?page_id=781"},"modified":"2020-01-16T17:10:31","modified_gmt":"2020-01-16T19:10:31","slug":"seja-um-parceiro-da-cnr","status":"publish","type":"page","link":"https:\/\/cnr.org.br\/site\/seja-um-parceiro-da-cnr\/","title":{"rendered":"Seja um parceiro CNR"},"content":{"rendered":"<p>[vc_row][vc_column][vc_column_text]<\/p>\n<h3 class=\"m-b-xl\"><\/h3>\n<p>Seja parceiro de\u00a0<b>15.000<\/b>\u00a0Not\u00e1rios e Registradores!<\/p>\n<p>O Clube de Vantagens da CNR representa o canal mais eficiente de apresenta\u00e7\u00e3o direta dos produtos de sua empresa aos Cart\u00f3rios brasileiros.<\/p>\n<p>Com in\u00fameros acessos di\u00e1rios, a p\u00e1gina eletr\u00f4nica desta Entidade inaugura este espa\u00e7o de visualiza\u00e7\u00e3o de empresas conveniadas para o oferecimento de promo\u00e7\u00f5es de mercado dirigidas \u00e0 categoria profissional dos Not\u00e1rios e Registradores! em todos os Estados do Brasil.<\/p>\n<p>Preencha o formul\u00e1rio abaixo e envie para o e-mail: contato@cnr.org.br[\/vc_column_text][\/vc_column][\/vc_row][vc_row][vc_column]<div role=\"form\" class=\"wpcf7\" id=\"wpcf7-f9-o1\" lang=\"pt-BR\" dir=\"ltr\">\n<div class=\"screen-reader-response\"><p role=\"status\" aria-live=\"polite\" aria-atomic=\"true\"><\/p> <ul><\/ul><\/div>\n<form action=\"\/site\/wp-json\/wp\/v2\/pages\/781#wpcf7-f9-o1\" method=\"post\" class=\"wpcf7-form init\" enctype=\"multipart\/form-data\" novalidate=\"novalidate\" data-status=\"init\">\n<div style=\"display: none;\">\n<input type=\"hidden\" name=\"_wpcf7\" value=\"9\" \/>\n<input type=\"hidden\" name=\"_wpcf7_version\" value=\"5.5.6\" \/>\n<input type=\"hidden\" name=\"_wpcf7_locale\" value=\"pt_BR\" \/>\n<input type=\"hidden\" name=\"_wpcf7_unit_tag\" value=\"wpcf7-f9-o1\" \/>\n<input type=\"hidden\" name=\"_wpcf7_container_post\" value=\"0\" \/>\n<input type=\"hidden\" name=\"_wpcf7_posted_data_hash\" value=\"\" \/>\n<\/div>\n<p>Raz\u00e3o Social<br \/>\n<span class=\"wpcf7-form-control-wrap RazoSocial\"><input type=\"text\" name=\"RazoSocial\" value=\"\" size=\"40\" class=\"wpcf7-form-control wpcf7-text wpcf7-validates-as-required\" aria-required=\"true\" aria-invalid=\"false\" \/><\/span><\/p>\n<p>CNPJ<br \/>\n<span class=\"wpcf7-form-control-wrap CNPJ\"><input type=\"text\" name=\"CNPJ\" value=\"\" size=\"40\" class=\"wpcf7-form-control wpcf7-text wpcf7-validates-as-required\" aria-required=\"true\" aria-invalid=\"false\" \/><\/span><\/p>\n<p>Site<br \/>\n<span class=\"wpcf7-form-control-wrap Site\"><input type=\"url\" name=\"Site\" value=\"\" size=\"40\" class=\"wpcf7-form-control wpcf7-text wpcf7-url wpcf7-validates-as-url\" aria-invalid=\"false\" \/><\/span><\/p>\n<p>Email<br \/>\n<span class=\"wpcf7-form-control-wrap Email\"><input type=\"email\" name=\"Email\" value=\"\" size=\"40\" class=\"wpcf7-form-control wpcf7-text wpcf7-email wpcf7-validates-as-required wpcf7-validates-as-email\" aria-required=\"true\" aria-invalid=\"false\" \/><\/span><\/p>\n<p>Telefone<br \/>\n<span class=\"wpcf7-form-control-wrap Telefone\"><input type=\"text\" name=\"Telefone\" value=\"\" size=\"40\" class=\"wpcf7-form-control wpcf7-text wpcf7-validates-as-required\" aria-required=\"true\" aria-invalid=\"false\" \/><\/span><\/p>\n<p>Nome do Respons\u00e1vel<br \/>\n<span class=\"wpcf7-form-control-wrap NomedoResponsvel\"><input type=\"text\" name=\"NomedoResponsvel\" value=\"\" size=\"40\" class=\"wpcf7-form-control wpcf7-text wpcf7-validates-as-required\" aria-required=\"true\" aria-invalid=\"false\" \/><\/span><\/p>\n<p>CEP<br \/>\n<span class=\"wpcf7-form-control-wrap CEP\"><input type=\"text\" name=\"CEP\" value=\"\" size=\"40\" class=\"wpcf7-form-control wpcf7-text wpcf7-validates-as-required\" aria-required=\"true\" aria-invalid=\"false\" \/><\/span><\/p>\n<p>SEGMENTO<br \/>\n<span class=\"wpcf7-form-control-wrap segmento\"><input type=\"text\" name=\"segmento\" value=\"\" size=\"40\" class=\"wpcf7-form-control wpcf7-text wpcf7-validates-as-required\" aria-required=\"true\" aria-invalid=\"false\" \/><\/span><\/p>\n<p>Endere\u00e7o<br \/>\n<span class=\"wpcf7-form-control-wrap Endereo\"><input type=\"text\" name=\"Endereo\" value=\"\" size=\"40\" class=\"wpcf7-form-control wpcf7-text wpcf7-validates-as-required\" aria-required=\"true\" aria-invalid=\"false\" \/><\/span><\/p>\n<p>Complemento<br \/>\n<span class=\"wpcf7-form-control-wrap Complemento\"><input type=\"text\" name=\"Complemento\" value=\"\" size=\"40\" class=\"wpcf7-form-control wpcf7-text\" aria-invalid=\"false\" \/><\/span><\/p>\n<p>Cidade<br \/>\n<span class=\"wpcf7-form-control-wrap Cidade\"><input type=\"text\" name=\"Cidade\" value=\"\" size=\"40\" class=\"wpcf7-form-control wpcf7-text wpcf7-validates-as-required\" aria-required=\"true\" aria-invalid=\"false\" \/><\/span><\/p>\n<p>Bairro<br \/>\n<span class=\"wpcf7-form-control-wrap Bairro\"><input type=\"text\" name=\"Bairro\" value=\"\" size=\"40\" class=\"wpcf7-form-control wpcf7-text\" aria-invalid=\"false\" \/><\/span><\/p>\n<p>UF<br \/>\n<span class=\"wpcf7-form-control-wrap UF\"><input type=\"text\" name=\"UF\" value=\"\" size=\"40\" class=\"wpcf7-form-control wpcf7-text wpcf7-validates-as-required\" aria-required=\"true\" aria-invalid=\"false\" \/><\/span><\/p>\n<p>Mensagem<br \/>\n<span class=\"wpcf7-form-control-wrap Mensagem\"><textarea name=\"Mensagem\" cols=\"40\" rows=\"10\" class=\"wpcf7-form-control wpcf7-textarea\" aria-invalid=\"false\"><\/textarea><\/span><\/p>\n<p>Logo Marca<span class=\"wpcf7-form-control-wrap arquivo\"><input type=\"file\" name=\"arquivo\" size=\"40\" class=\"wpcf7-form-control wpcf7-file wpcf7-validates-as-required\" accept=\".jpg,.png,.jpeg\" aria-required=\"true\" aria-invalid=\"false\" \/><\/span><\/p>\n<p>[recaptcha]<\/p>\n<p><input type=\"submit\" value=\"Enviar\" class=\"wpcf7-form-control has-spinner wpcf7-submit\" \/><\/p>\n<div class=\"wpcf7-response-output\" aria-hidden=\"true\"><\/div><\/form><\/div>[\/vc_column][\/vc_row]<\/p>\n","protected":false},"excerpt":{"rendered":"<p>[vc_row][vc_column][vc_column_text] Seja parceiro de\u00a015.000\u00a0Not\u00e1rios e Registradores! O Clube de Vantagens da CNR representa o canal mais eficiente de apresenta\u00e7\u00e3o direta dos produtos de sua empresa aos Cart\u00f3rios brasileiros. Com in\u00fameros acessos di\u00e1rios, a p\u00e1gina eletr\u00f4nica desta Entidade inaugura este espa\u00e7o de visualiza\u00e7\u00e3o de empresas conveniadas para o oferecimento de promo\u00e7\u00f5es de mercado dirigidas \u00e0 categoria&#8230;<\/p>\n","protected":false},"author":1,"featured_media":0,"parent":0,"menu_order":0,"comment_status":"closed","ping_status":"closed","template":"","meta":{"_exactmetrics_skip_tracking":false,"_exactmetrics_sitenote_active":false,"_exactmetrics_sitenote_note":"","_exactmetrics_sitenote_category":0,"footnotes":""},"class_list":["post-781","page","type-page","status-publish","hentry"],"_links":{"self":[{"href":"https:\/\/cnr.org.br\/site\/wp-json\/wp\/v2\/pages\/781"}],"collection":[{"href":"https:\/\/cnr.org.br\/site\/wp-json\/wp\/v2\/pages"}],"about":[{"href":"https:\/\/cnr.org.br\/site\/wp-json\/wp\/v2\/types\/page"}],"author":[{"embeddable":true,"href":"https:\/\/cnr.org.br\/site\/wp-json\/wp\/v2\/users\/1"}],"replies":[{"embeddable":true,"href":"https:\/\/cnr.org.br\/site\/wp-json\/wp\/v2\/comments?post=781"}],"version-history":[{"count":6,"href":"https:\/\/cnr.org.br\/site\/wp-json\/wp\/v2\/pages\/781\/revisions"}],"predecessor-version":[{"id":17163,"href":"https:\/\/cnr.org.br\/site\/wp-json\/wp\/v2\/pages\/781\/revisions\/17163"}],"wp:attachment":[{"href":"https:\/\/cnr.org.br\/site\/wp-json\/wp\/v2\/media?parent=781"}],"curies":[{"name":"wp","href":"https:\/\/api.w.org\/{rel}","templated":true}]}}